vided by x.
6
Let b = 120 + 4. Let z = b + -12. Suppose -27*g = -35*g + z. Calculate the remainder when g is divided by 6.
2
Suppose 12 + 0 = 4*u. Suppose -5*g - v - 2 = 0, -3*g + 4*v - 2*v = -4. Suppose 2*w - 4*w + 22 = g. Calculate the remainder when w is divided by u.
2
Let i(m) = -m**3 + 5*m**2 - 12*m + 73. Let l be (26/6 + -1)*3. What is the remainder when 388/20 + (-4)/l is divided by i(5)?
6
Let c(h) be the second derivative of h**4/6 - h**3/2 + 3*h**2/2 - 2*h. Let t = -12098 - -12103. What is the remainder when c(-4) is divided by t?
2
Let p be 1/2 - (30/(-12) - -6). Let t be (-754)/(-6) + (-1)/p. Suppose t = 3*l + 81. What is the remainder when 43 is divided by l?
13
Calculate the remainder when 333 is divided by ((-590)/(-20))/(4/6*6/8).
38
Suppose -3*v - 64 + 10 = 3*m, -2*m + v = 33. Let j = m - -48. Let d = -1 + 14. Calculate the remainder when j is divided by d.
5
Let z be -5*(3416/20)/(-7). Let c = -34 + z. Calculate the remainder when c is divided by 20 - 8 - (-2 + 1).
10
Suppose 3*b - 9 = 0, h - 15*b - 29 = -10*b. Let f(d) = -d**3 - 19*d**2 + 13*d + 24. Calculate the remainder when f(-20) is divided by h.
32
Let x = 14339 - 14281. Let d(j) be the first derivative of 15*j**2/2 + 1. What is the remainder when x is divided by d(1)?
13
Suppose 81 = 3*b + 3*q, -b + 217 = -2*q + 172. Suppose -n = 2*x - 97, -3*x + 91 = n - 7*x. What is the remainder when n is divided by b?
29
Let k(w) = w**3 - 68*w**2 + 64*w + 251. Calculate the remainder when 210 is divided by k(67).
10
Let p(v) = -18*v**2 + 5*v - 6. Let i be p(2). Let x = 3 - i. Calculate the remainder when (x*2)/((-7)/(7/(-2))) is divided by 8.
7
Suppose 0 = -5*u + 3*d + 1 + 32, d + 7 = u. Calculate the remainder when 88 is divided by -2*(-10)/u*45/10.
13
Let k = 1707 + -1680. What is the remainder when 423 is divided by k?
18
Let v(z) = -z**3 + 3*z**2 + 2*z - 5. Let s be v(2). Calculate the remainder when s + 137 - -2 - 12/3 is divided by 36.
30
Let x be (-11 - -13)/(2/134). Let f = -65 + x. Calculate the remainder when f is divided by 18.
15
Let q = 17 - 14. Suppose -360 = -5*p - 8*i + q*i, 3*p - 214 = -5*i. Suppose d + 13*d = 350. Calculate the remainder when p is divided by d.
23
Let n(h) = h**2 + 9*h + 25. Let k be n(-5). Let b(x) = -19*x + 147. Calculate the remainder when ((-124)/(-12) + -3)*21 is divided by b(k).
50
Suppose 3*u - 3*g = 912, -3329*u + 3331*u - 608 = 3*g. Calculate the remainder when 912 is divided by u.
0
Let d = -6 - -15. Suppose -13*h + 22*h = 4779. Suppose -3 = 22*w - h. Calculate the remainder when w is divided by d.
6
Let x = 2268 - 1943. What is the remainder when x is divided by 48?
37
Let d = 32005 - 31637. Calculate the remainder when 537 is divided by d.
169
Suppose 5*a - 1775 = 5*z, 0 = -3*z + 2 + 4. Let u = -344 + a. What is the remainder when 101 is divided by u?
10
Let s(i) be the third derivative of i**5/60 + 3*i**4/4 + 151*i**3/6 - 22*i**2. Calculate the remainder when s(-8) is divided by 60.
11
Suppose 2*a + 9 + 1 = -2*o, 3*a + 5*o + 13 = 0. Let v = a - -93. What is the remainder when v is divided by 38?
11
Let n(w) = -34*w - 1. Let f be n(2). Let r = -132 - f. Let z = -6 - r. What is the remainder when z is divided by 20?
17
Suppose 16*k - 32*k = 16*k. Suppose -7*q + 12 + 247 = k. What is the remainder when (2 + -1)/((-1)/(-69)) is divided by q?
32
Let o(w) = -104*w + 971. What is the remainder when 1397 is divided by o(6)?
9
Suppose -3*m - 3*b + 81 = 0, 0 = 3*m - 3*b - 45 - 0. Calculate the remainder when 13144 is divided by m.
19
Let h = 26 + 246. What is the remainder when h is divided by 98?
76
Let s = -22515 + 25193. Calculate the remainder when s is divided by 669.
2
Calculate the remainder when (-5612)/115*(-125)/2 is divided by 1016.
2
Let b(m) = -5*m + m**2 - 3*m**2 + 9 + 3*m**2. Let c be 4/(-26) + (4 - (-140)/65). What is the remainder when 70 is divided by b(c)?
10
Let c(m) be the second derivative of m**4/12 - 7*m**3/3 - 21*m**2 - 173*m. Calculate the remainder when 25 is divided by c(17).
7
Suppose -2*s + 28 = -2*z - 36, 5*z + 10 = 0. Let y = 27 + 15. Calculate the remainder when y is divided by s.
12
Let r be 13/104 - 1605/(-24). Let y = 154 - r. Calculate the remainder when y is divided by 1*-69*2/(-3).
41
Suppose 2*i + q - 55 = 0, -2*q + 20 = -19*i + 20*i. Calculate the remainder when 232 is divided by i.
22
Let v(n) = 361*n - 1110. Calculate the remainder when v(5) is divided by 70.
65
Let b(a) = -78*a - 3390. What is the remainder when 210 is divided by b(-44)?
0
What is the remainder when 526 is divided by (220/440)/(-2 - 193/(-96))?
46
Suppose 5*p - 4*h = 180, -2*h = -4*p + 80 + 64. Calculate the remainder when 82 is divided by -3*6/p*-56.
26
Let a(i) = 45*i**2 + i + 1. Suppose -64*x + 1019 = 108 - 945. What is the remainder when a(-3) is divided by x?
26
Suppose 5 = t, -3*u + 4*t + 643 = -6231. Calculate the remainder when u is divided by 209.
208
Suppose -521*g + 519*g = j - 82, 0 = -j - g + 79. Calculate the remainder when 270 is divided by j.
42
Calculate the remainder when 878 is divided by -2*(-4 - -2 - -3 - (12 - 1)).
18
Let o(a) = 42*a**2 + 9*a + 17. Let k be o(-3). Let r = 411 - k. What is the remainder when r is divided by (6/(-8))/((-1)/12)?
7
Let s = 5712 - 5680. Calculate the remainder when 143 is divided by s.
15
Let g be (-1 - (0 + 3))*1 - 0. Let o be -11 - (g - (-1 + -2))/1. What is the remainder when 79 is divided by (-7 - -1)/(3/o)?
19
Let y(o) = 24*o**3 - 4*o**2 - 28*o + 175. Calculate the remainder when y(5) is divided by 36.
19
Let s(v) = v**2 - 120*v - 629. Calculate the remainder when 374 is divided by s(126).
120
Let d(o) = 131*o - 63*o + 36 - 65*o. Calculate the remainder when d(9) is divided by 2.
1
Let h be 3 - -3 - (-2 - -4). Suppose -336 = -20*d - h*d. Calculate the remainder when 40 is divided by d.
12
Suppose -5*y + 10*y - 30 = 0. Let o = y + -11. What is the remainder when 61 is divided by 44/(-10) - o - (-107)/5?
17
Let c(k) = 17*k - 49. Let a be c(27). Let u = a - 205. What is the remainder when u is divided by 16?
13
Let w be (4/2)/(5/3 + -1). Suppose w*b - 4 + 1 = 0. Calculate the remainder when 101 is divided by 26*(3/(-21))/(b/(-7)).
23
Suppose 1562 = 19*u + 3*u. Calculate the remainder when 267 is divided by u.
54
Suppose -2*x = 77*p - 73*p - 2904, 4*x = p - 744. Calculate the remainder when p is divided by 155.
108
Suppose 19*n - 270 = 4*n. Suppose 208 = 2*d - 110. Calculate the remainder when d is divided by n.
15
Suppose 0 = -2*a + 3*b + 463, -246 + 4 = -a - 2*b. Calculate the remainder when a is divided by 82.
72
Let m(p) = 180*p**2 + 9*p - 8. Let w be m(1). Let t = -164 + w. Calculate the remainder when 98 is divided by t.
13
Let q(p) = -p**3 + p**2 + p - 29. Let j be q(0). Let r(w) = -192*w - 144. Let t be r(-1). Let a = t + j. What is the remainder when 69 is divided by a?
12
Let h(x) = x**2 + 7*x - 16. Let g be h(2). Suppose 4*l - 21 = -3*n + 2*l, -g*l + 30 = 4*n. Calculate the remainder when 105 is divided by n.
6
Let n(p) = -10*p**2 + 233*p - 29. Suppose 31 - 137 = -5*a - 3*o, 4*o = -12. What is the remainder when 275 is divided by n(a)?
35
Let w be 0 + (-2)/((-2)/(-2 - 0)). Let h = w - -114. Suppose 19*q + h = 23*q. What is the remainder when 136 is divided by q?
24
Suppose -65*m + 6*m - 74*m = -310821. What is the remainder when m is divided by 106?
5
Suppose 0 = 4*c + 13*r - 11758, 3*c = 4*c - 2*r - 2950. What is the remainder when c is divided by 18?
12
Let c = 13 - -13. Let r = 12 + 12. Calculate the remainder when r is divided by 15/25*c - 4/(-10).
8
Suppose 147*b - 725797 = 80645. What is the remainder when b is divided by 4?
2
Suppose 17*x = 11*x + 18. Suppose -5*b + h = -1435, -x*h - 1159 = -4*b - 0*h. Calculate the remainder when b is divided by 16.
14
Let b = -8541 - -8581. Let d = 127 + -71. Suppose 5*n + d = -2*j + 141, 0 = -5*n + j + 100. Calculate the remainder when b is divided by n.
2
Suppose 55230 = 48*p - 10722. Suppose -2829*v - p = -2835*v. What is the remainder when v is divided by 74?
7
Let k be 3 + 0 - (7 + -8). Suppose -2*x + 76 = 3*t, 2*t - x = k*t - 49. Let j(p) = 14*p - 98. Calculate the remainder when j(10) is divided by t.
20
Let w(h) = h**3 + 26*h**2 - h - 13. Let k be w(-26). Suppose -5*d - 8 = -k. What is the remainder when 19 is divid